 Suppose d + 3*d = -w. Let t(r) be the second derivative of -r**4/6 - r**3/6 - r**2/2 - 412*r. Calculate t(d).
-2
Let q(p) = p**3 - 7*p**2 + 5*p + 7. Suppose -5*l - 1 = -2*c, -3*c - 30 = 4*l + 3. Let r = -1 - c. What is q(r)?
1
Let g(p) be the first derivative of -3*p + 9/2*p**2 + 5 - 1/6*p**3. Let j(s) be the first derivative of g(s). Calculate j(7).
2
Let u(s) = -13*s + 1. Let j = 96 + -86. Suppose 3*x - j*x + 7 = 0. Determine u(x).
-12
Let o(j) = -j**2 + 3*j - 12514 - j + 12513. Determine o(-5).
-36
Let l(r) be the first derivative of -10*r**3/3 - r**2 - r + 36. Calculate l(-1).
-9
Let k(r) = 18*r**3 + 3*r**2 + 4. Let t = 48 + -50. Let z(a) = 17*a**3 + 2*a**2 + 3. Let x(n) = t*k(n) + 3*z(n). What is x(-1)?
-14
Let p(q) = -q**3 - 6*q**2 - 4*q - 3. Let u be (-1 + (-2 - 17))*1. Let v = -453 + 451. Let x be v/(12/u - -1). Determine p(x).
-8
Let m(b) = 41 + 39 + 42 - 5*b - 122. Let t be 12/9 + (-2)/(-3). Determine m(t).
-10
Let y(i) = 12*i + 16*i**2 - 21*i**2 - 6*i**2 + 2 - i**3 + 0*i**3. What is y(-12)?
2
Let t(r) = -65*r + 62*r + 8 + 26. Give t(12).
-2
Let p(c) = 5*c**3 - 35*c**2 - 29*c + 34. Let f(d) = d**3 - 7*d**2 - 6*d + 7. Let w(a) = -11*f(a) + 2*p(a). Calculate w(8).
-9
Let j be 2*(4/4 + 0). Suppose 2*c = c - j. Let u be (-1 + c)*(-2)/3. Let w(k) = 5*k. Give w(u).
10
Let s(y) = -9*y + 1. Let v = 9 - 4. Suppose 0 = -v*d - 3*z - 19, 3*d + z = -d - 11. Determine s(d).
19
Suppose -i + 5 - 10 = 0. Suppose 0 = -0*v - 2*v + 4. Let q(u) = -7*u + 4*u**2 + v*u**2 - 7*u**2. Determine q(i).
10
Let a(i) = -i**2 - i + 1. Let f be (0 + 4*-1)*-4. Suppose 0 = -3*x - 1 + f. Suppose -9*t = -x*t. Give a(t).
1
Let l(n) = 7*n**2 + 2*n + 1. Suppose 17*t - 16*t - 1 = 0. Let z be 11 + -14 + 1 + t. What is l(z)?
6
Let p = -1303 + 1309. Let g(y) = -4*y - 3*y + 5*y - 1. Give g(p).
-13
Let c(x) = -134612*x - 1 + 134609*x - 2. Let l = -10 + 6. Give c(l).
9
Let a be (-44)/10 - -1*16/40. Let g be a*(-25)/20 + 2. Let t(k) = -k + 11. Let l(u) = -5*u + 56. Let d(v) = 2*l(v) - 11*t(v). Give d(g).
-2
Let j(w) be the first derivative of 3*w**2/2 + 5*w - 100. Let x(q) = -4*q - 8. Let s = 12 + -4. Let k(t) = s*j(t) + 5*x(t). What is k(-1)?
-4
Let y(w) = -w**2 + 8*w - 2. Let i be y(8). Let h(p) = p - 8. Let z be h(10). Let b(x) = -z + 2 - 1 - 8*x. Determine b(i).
15
Suppose -88 = -5*x - 4*r, 3*x - 2*x - 5*r = 6. Let h(q) = -q**2 + 17*q - 10. Give h(x).
6
Let p(h) = -3*h**2 - 4*h + 0 + 3*h + 2. Let c be -2 + (-4)/8 + (-14)/(-4). Let l be p(c). Let y(q) = q**3 + q**2 - 2*q - 2. Give y(l).
-2
Let r(g) = -g**3 - 4*g**2 - 2. Suppose 6*s = 29 + 55. Suppose -s = 3*v - 2. Calculate r(v).
-2
Let z(s) = -213*s**2 + 130*s**2 + 150*s**2 + 1 + s. Calculate z(-1).
67
Suppose -5*i - 35 = -t - 4*t, -4 = i. Let j(b) = b**t + 3*b**2 + 5*b + 0*b**3 - 8*b + 0*b**2. Calculate j(2).
14
Let t(p) = -p**3 - 6*p**2 - p + 4. Let i be 1/(-4) + (-606)/8. Let w = i - -71. Calculate t(w).
-16
Let r(g) = 2 - g**2 + 31*g + 25*g - 46*g. Calculate r(9).
11
Let v be (-93)/(-31) + -1 + 13 + 1. Suppose 14*o + 12 = -v. Let k(i) = -3*i + 2. Give k(o).
8
Suppose 0 = 2*t + d + 4*d + 13, 0 = 4*t - d + 37. Let z(r) = r**2 + 12*r + 4. Calculate z(t).
-23
Let i(z) = -z**2 + 10*z - 4. Let o = -1187 + 1198. Determine i(o).
-15
Let c(s) be the second derivative of s**3/3 + s. Suppose -3*w - 2*q = -2*w + 4, 3*w + 12 = -4*q. What is c(w)?
-8
Let n(k) = -22*k + 6. Let q be n(-2). Suppose 3*z + 77 - q = 0. Let c(o) = 2*o + 10. What is c(z)?
-8
Let m(c) = 4*c**3 - 2*c**2 - c. Let r be (-6)/2*(-7 - (-198)/27). What is m(r)?
-5
Let s(y) be the second derivative of -y**5/20 + y**4/2 - y**3/6 + 2*y**2 - 132*y. Suppose -30 = -5*r + i, -r + 4*i = -4*r + 18. What is s(r)?
-2
Let n(s) be the third derivative of s**6/120 - s**5/12 - s**4/12 - s**3 - 78*s**2. Determine n(6).
18
Let x = 56 - 54. Let j(q) = 61 - 63 + 3*q - q - q**x. Calculate j(3).
-5
Let a(b) be the first derivative of b**2/2 + b + 3. Let y(n) = -n**3 - 6*n**2 + 1. Let q be y(-6). Let g = -3 + q. Calculate a(g).
-1
Suppose -11 = -3*w + 5*p + 6, 3*w - 33 = -3*p. Let a be 29/w - 2/9. Suppose 8 = a*i - i. Let s(j) = j**2 - 5*j - 4. Calculate s(i).
-8
Let c(a) = -4*a + 3. Let g(v) = -7*v + 5. Let f be 1*(-3)/3*5. Let b(u) = f*c(u) + 3*g(u). Give b(4).
-4
Suppose 0 = -4*k - 14 + 2. Let h(b) = 3 + 6*b + 34*b**2 - 8*b - 35*b**2. Determine h(k).
0
Suppose -2*u + 126 = -2*f, -2*f + f - 5 = 0. Let k = u - 51. Let n(a) be the first derivative of -a**4/4 + 2*a**3 + 9*a**2/2 - 4*a - 2. Determine n(k).
10
Let n = -11 - -2. Let i = -7 - n. Let l(q) = 0*q - 5*q**i + 3*q - q**3 + 2*q**2. Give l(-4).
4
Let r(j) be the third derivative of j**7/5040 + j**6/720 - j**5/30 + 12*j**2. Let f(p) be the third derivative of r(p). Give f(-6).
-5
Let u(l) = -l**2 + l - 5. Suppose 0 = -4*i - 49 + 169. Suppose 12*d - 9*d - 90 = 0. Let m = d - i. Determine u(m).
-5
Let r(f) = -6*f - 1. Let y(k) = -5*k - 1. Let u(g) = -2*r(g) + 3*y(g). Give u(5).
-16
Let o(y) = 2*y**3 - 3*y**2 - 2*y + 4. Let m = -369 - -371. Give o(m).
4
Let x(l) be the third derivative of 5*l**4/24 - l**3/6 - 4*l**2 + 14*l. Give x(1).
4
Let u be (-14)/(-14) - 10/(-2). Let h(o) = -u - 87*o + 182*o - 94*o. Give h(-5).
-11
Suppose 4*b = -3*z, -b - 1 = -0*z + z. Suppose -5*t + 2 = -3*g - 1, -b*t + 3 = -3*g. Let o = 0 + g. Let a(x) = -5*x. What is a(o)?
5
Let h be 3/(-7) - 96/(-28). Suppose 0 = -5*g - 2*c - h*c - 55, -5*g = -5*c + 15. Let m(d) = -d**3 - 8*d**2 - 8*d - 5. Determine m(g).
2
Let k be -2*(-2 + 1)/2. Let i(r) = r + k - 2 + 5*r + r. Suppose -15*w = -30 + 15. Calculate i(w).
6
Let h(s) = s**3 - 2*s**2 - s - 1. Suppose 7*u + 50 = 71. Determine h(u).
5
Let l(t) = -t**3 + 33*t**2 + 35*t - 25. Let b be l(34). Let q(f) = 3*f - 11. Give q(b).
16
Let z(v) be the first derivative of -v**4/24 + v**3/2 + 13*v**2/2 - 18. Let w(p) be the second derivative of z(p). Suppose 4 - 16 = 3*f. What is w(f)?
7
Let q(y) = -y**2 - 13*y + 3. Let g be q(-6). Suppose 0 = 2*l - g - 47. Let z(a) = -23*a + l*a - 1 - 25*a. What is z(1)?
-3
Let p = 3 - -1. Let a(f) = 7 + 0*f**2 + 2*f**2 - 3*f**2 + p*f. Suppose -12 = -5*r + 3*s + 27, -3*s = 4*r - 15. Give a(r).
-5
Let j(s) = -3*s**2 - 17*s. Let h be j(-6). Let r(c) = -c + 1. Let o(y) = -y**2 - 8*y + 4. Let z(n) = h*r(n) + o(n). Determine z(-3).
-5
Let t(h) = 2*h + 3. Let f(g) = 0 + 4 - 8 - 3*g + 1. Let l(x) = -4*f(x) - 5*t(x). Calculate l(4).
5
Let b = -1187 + 1181. Let s(u) = -u**3 - 8*u**2 - 14*u + 6. Calculate s(b).
18
Let f(b) be the first derivative of b**6/120 + 7*b**5/60 + b**4/4 + 3*b**3/2 - 25*b**2/2 + 10. Let u(l) be the second derivative of f(l). Give u(-6).
9
Let s(k) be the third derivative of k**4/12 - k**2 - 2. What is s(5)?
10
Let s(y) = 5*y - 2. Let r(d) = 4*d - 1. Let m(c) = 4*r(c) - 3*s(c). What is m(6)?
8
Let m(r) = r**3 + r**2 - r - 2. Suppose -3*l - j = 8 - 0, -9 = 4*l + 3*j. Let v be (1 - -3) + 6/l. Determine m(v).
8
Suppose -3*m - 35 = 2*m. Let d be 20 - 12/(m - -3). Suppose -3 = 5*h - d. Let t(u) = -2*u + 2. Calculate t(h).
-6
Let m = 111 - 108. Suppose -m*v = 5*c - 20, 8*v = -5*c + 4*v + 15. Let u(q) = -q + 8. Determine u(c).
1
Let y(k) = 4*k**3 + 8*k**2 + k - 1. Let r(z) = 4*z**3 + 11*z**2 + z - 2. Let l(g) = -3*r(g) + 4*y(g). Give l(-1).
-4
Suppose 42 = -4*h + 2*g, -2*h - 5*g = h + 64. Let w = 12 + h. Let x(t) = 18*t + 1. Calculate x(w).
-17
Let f(o) be the first derivative of o**3/6 + 7*o**2/2 - 14*o + 7. Let s(l) be the first derivative of f(l). Determine s(-6).
1
Let j(k) = -k**2 + 31*k - 226. Let m be j(21). Let z(c) = -c - 44. Determine z(m).
-28
Let y(s) be the first derivative of -1/3*s**3 - 4*s + 5/2*s**2 - 12. What is y(7)?
-18
Let f(q) = -4*q + 3. Let n(r) = 12*r - 9. Let a(c) = -7*f(c) - 2*n(c). Let v(o) = -o**2 + 5*o - 7. Let b be v(5). Let g be -2*(63/6)/b. Give a(g).
9
Let c(t) = -t**3 + 2*t**2 + 4*t + 3. Let v be 13/(-4) - (-5)/4. Give c(v).
11
Let l(c) = 4*c**3 - 11*c**2 - 7*c. Let h(v) = -v**3 + v**2 + v - 1. Let j(z) = -3*h(z) - l(z). Calculate j(8).
35
Let z(l) = 82*l - 12*l**2 + 1 - 82*l. Suppose 3 = y - f - 1, -f - 2 = -3*y. Calculate z(y).
-11
Let t = -214 - -205. Let h(i) = -i**2 - 12*i - 10. Give h(t).
17
Let t(j) = -8*j**3 - 8*j**2 - 3*j - 6. Let g(z) = 3*z**3 + 3*z**2 + z + 2. Let x(p) = -11*g(p) - 4*t(p). Suppose 0*c = -c + 3*c. Determine x(c).
2
Suppose 0*m